 prime?
True
Is 10903979 composite?
False
Is 88623757 a prime number?
True
Is 4930481 a prime number?
False
Is 37917727 a prime number?
True
Is 4314617 a composite number?
True
Is 3134543 prime?
True
Is 79582103 a prime number?
False
Is 1276159 prime?
False
Is 493368151 a composite number?
False
Is 33781214 composite?
True
Is 30264782 prime?
False
Is 157153979 a composite number?
False
Is 128851 prime?
False
Is 4175179 a composite number?
True
Is 33354679 composite?
False
Is 422431 a prime number?
True
Is 6992498 a composite number?
True
Is 64184777 composite?
False
Is 438819 a prime number?
False
Is 21862543 prime?
False
Is 850171 composite?
True
Is 64025807 prime?
True
Is 5234767 prime?
True
Is 738107 a composite number?
False
Is 3120829 a prime number?
False
Is 17219159 composite?
True
Is 466111879 composite?
False
Is 56737861 prime?
False
Is 239023 a prime number?
True
Is 145221799 a composite number?
False
Is 1044941 composite?
False
Is 4757633 composite?
True
Is 34066309 composite?
False
Is 25592533 composite?
False
Is 5378089 composite?
False
Is 34324457 a prime number?
True
Is 343031309 a prime number?
True
Is 6014267 prime?
False
Is 8681221 a composite number?
False
Is 15699149 a prime number?
False
Is 17595769 a prime number?
False
Is 1278737 prime?
False
Is 2064263 composite?
False
Is 59119967 a prime number?
True
Is 751404023 composite?
False
Is 381566503 prime?
True
Is 414238141 a prime number?
True
Is 79586627 a prime number?
False
Is 40187663 composite?
False
Is 312839 a composite number?
False
Is 113577043 composite?
True
Is 103078889 composite?
False
Is 16224821 composite?
True
Is 154561 a prime number?
False
Is 18684881 composite?
True
Is 10656902 prime?
False
Is 329467 prime?
False
Is 92950957 a composite number?
True
Is 5185121 composite?
False
Is 9637879 composite?
False
Is 7238459 a composite number?
True
Is 2392097 composite?
True
Is 919099 a prime number?
False
Is 146736631 prime?
True
Is 5786159 a composite number?
False
Is 651043 a prime number?
True
Is 604772743 a composite number?
False
Is 2246221 composite?
True
Is 37321061 a prime number?
True
Is 10524623 composite?
False
Is 57709007 a prime number?
False
Is 10260233 a composite number?
False
Is 424739593 a prime number?
False
Is 22751063 a composite number?
True
Is 70144247 composite?
True
Is 279390829 a composite number?
False
Is 612481 prime?
True
Is 24220561 a composite number?
False
Is 157393 a composite number?
False
Is 28779719 a composite number?
False
Is 9854923 a prime number?
False
Is 3353287 prime?
False
Is 6628449 composite?
True
Is 9542041 a prime number?
False
Is 61010891 a prime number?
False
Is 317263735 prime?
False
Is 27761177 prime?
True
Is 28313767 prime?
True
Is 742409 composite?
False
Is 138055 composite?
True
Is 81424687 prime?
True
Is 1070921 composite?
False
Is 3366949 a prime number?
False
Is 2042979 a composite number?
True
Is 2764913 a prime number?
True
Is 65557651 a prime number?
False
Is 632015453 a composite number?
False
Is 304961 prime?
True
Is 2236183 composite?
False
Is 2119763 a prime number?
True
Is 38939 a composite number?
True
Is 13946609 prime?
True
Is 79113007 a prime number?
True
Is 76539145 composite?
True
Is 2148963 a prime number?
False
Is 9873902 a prime number?
False
Is 6790793 composite?
False
Is 12322523 composite?
False
Is 3677179 a prime number?
False
Is 38930041 a composite number?
False
Is 19371401 a composite number?
True
Is 50468027 prime?
False
Is 1420743149 prime?
False
Is 1179317 a composite number?
False
Is 114887203 composite?
False
Is 2293567 a prime number?
True
Is 68429359 prime?
True
Is 35887699 a prime number?
True
Is 12462521 a prime number?
True
Is 10453867 composite?
False
Is 41058293 a prime number?
True
Is 1447621 prime?
False
Is 55435891 a composite number?
True
Is 12160319 a prime number?
True
Is 3999427 a composite number?
True
Is 12023743 a prime number?
False
Is 710033423 a composite number?
True
Is 82021 a prime number?
True
Is 12700469 a prime number?
True
Is 13044497 composite?
False
Is 517922633 prime?
False
Is 3711611 composite?
False
Is 1918219 a prime number?
True
Is 6976967 composite?
True
Is 17503393 a composite number?
False
Is 12673613 a composite number?
True
Is 6840011 a composite number?
True
Is 31751763 a prime number?
False
Is 24494581 composite?
False
Is 58394914 prime?
False
Is 4916741 a composite number?
False
Is 191052217 composite?
False
Is 5965451 composite?
True
Is 2347637 a composite number?
True
Is 3463781 prime?
False
Is 682301 composite?
True
Is 248573 composite?
True
Is 1040413 a prime number?
False
Is 7158731 composite?
True
Is 66498121 a composite number?
False
Is 5761319 prime?
False
Is 5688871 prime?
True
Is 26680919 a composite number?
False
Is 470899315 composite?
True
Is 68289301 a prime number?
False
Is 2158061 composite?
False
Is 7434893 a composite number?
True
Is 428129893 a composite number?
False
Is 1444613 a composite number?
False
Is 784405333 a composite number?
False
Is 113977 composite?
True
Is 191963 prime?
False
Is 1937149 composite?
True
Is 76299107 prime?
True
Is 221905919 a composite number?
True
Is 449667341 a prime number?
False
Is 797071 a prime number?
False
Is 1000514127 composite?
True
Is 5994467 a composite number?
True
Is 23978281 a prime number?
False
Is 1523261 a prime number?
True
Is 634891 a prime number?
True
Is 2369369 a composite number?
True
Is 237671249 prime?
True
Is 1472213503 composite?
False
Is 3018347 prime?
True
Is 551377 a prime number?
False
Is 168136097 a prime number?
False
Is 2657293 a prime number?
True
Is 74174465 a prime number?
False
Is 3981711 prime?
False
Is 5072057 a composite number?
False
Is 6634109 a composite number?
False
Is 7871707 prime?
True
Is 30847951 prime?
False
Is 279417833 a composite number?
False
Is 1519499 composite?
False
Is 7412809 a prime number?
False
Is 430117 prime?
False
Is 3152267 composite?
True
Is 2468665 prime?
False
Is 1030681 a composite number?
False
Is 113975827 prime?
False
Is 6167429 a prime number?
True
Is 4008967 a prime number?
True
Is 77806717 a prime number?
False
Is 1206256157 prime?
True
Is 25216879 a prime number?
False
Is 45816149 composite?
False
Is 4393177 a prime number?
True
Is 6394109 a composite number?
True
Is 5189251 a composite number?
False
Is 109854611 a prime number?
True
Is 82967059 a prime number?
False
Is 74773 composite?
True
Is 23502081 a prime number?
False
Is 263023 prime?
True
Is 16781243 a prime number?
True
Is 603038078 a composite number?
True
Is 4197043 prime?
False
Is 545534503 a prime number?
True
Is 527479 a prime number?
False
Is 15910187 a prime number?
False
Is 595758827 composite?
False
Is 239299 composite?
True
Is 10711787 a composite number?
True
Is 4978889 composite?
False
Is 403349671 a composite number?
True
Is 17877361 a prime number?
True
Is 3782869 prime?
True
Is 28932607 composite?
True
Is 482569 composite?
False
Is 19795051 a prime number?
True
Is 4559063 a prime number?
True
Is 1236133 prime?
False
Is 34582247 a composite number?
True
Is 33328419 prime?
False
Is 3462155 prime?
False
Is 503545481 composite?
False
Is 187604371 composite?
False
Is 5674541 composite?
True
Is 2415799 prime?
False
Is 528569 composite?
True
Is 27258017 prime?
True
Is 17336269 a prime number?
True
Is 25289647 a prime number?
True
Is 12270317 composite?
False
Is 3750827 a prime number?
True
Is 6057863 prime?
False
Is 15837413 a composite number?
True
Is 41368247 a prime number?
False
Is 6754667 prime?
True
Is 65338807 a prime number?
True
Is 10660453 a composite number?
False
Is 1017658951 prime?
True
Is 14061679 a prime number?
True
Is 2541295 composite?
True
Is 948023 a prime number?
False
Is 205371677 prime?
False
Is 31257419 a composite number?
False
Is 3492233 prime?
True
Is 12276767 composite?
False
Is 4985441 composite?
True
Is 351923407 composite?
True
Is 7039309 prime?
False
Is 70002139 composite?
True
Is 53727059 composite?
False
Is 7787215 composite?
True
Is 20095603 a composite number?
True
Is 84862559 a prime number?
False
Is 1413661 prime?
True
Is 721843 a composite number?
False
Is 11367923 composite?
True
Is 75204331 a composite number?
True
Is 348109837 a composite number?
True
Is 131136529 a composite number?
False
Is 3296